{"id":68,"date":"2025-07-16T12:10:45","date_gmt":"2025-07-16T12:10:45","guid":{"rendered":"https:\/\/nenitan.fi\/?page_id=68"},"modified":"2025-07-17T11:33:52","modified_gmt":"2025-07-17T11:33:52","slug":"esittely","status":"publish","type":"page","link":"https:\/\/nenitan.fi\/index.php\/esittely\/","title":{"rendered":"Esittely"},"content":{"rendered":"\t\t<div data-elementor-type=\"wp-page\" data-elementor-id=\"68\" class=\"elementor elementor-68\" data-elementor-settings=\"[]\">\n\t\t\t\t\t\t\t<div class=\"elementor-section-wrap\">\n\t\t\t\t\t\t\t<section class=\"elementor-section elementor-top-section elementor-element elementor-element-e4684aa elementor-section-boxed elementor-section-height-default elementor-section-height-default\" data-id=\"e4684aa\" data-element_type=\"section\">\n\t\t\t\t\t\t<div class=\"elementor-container elementor-column-gap-default\">\n\t\t\t\t\t<div class=\"elementor-column elementor-col-100 elementor-top-column elementor-element elementor-element-eef0b4e\" data-id=\"eef0b4e\" data-element_type=\"column\">\n\t\t\t<div class=\"elementor-widget-wrap elementor-element-populated\">\n\t\t\t\t\t\t\t\t<div class=\"elementor-element elementor-element-ed41f1f elementor-widget elementor-widget-heading\" data-id=\"ed41f1f\" data-element_type=\"widget\" data-widget_type=\"heading.default\">\n\t\t\t\t<div class=\"elementor-widget-container\">\n\t\t\t<h2 class=\"elementor-heading-title elementor-size-default\">Esittely<\/h2>\t\t<\/div>\n\t\t\t\t<\/div>\n\t\t\t\t<div class=\"elementor-element elementor-element-82996d9 elementor-widget elementor-widget-text-editor\" data-id=\"82996d9\" data-element_type=\"widget\" data-widget_type=\"text-editor.default\">\n\t\t\t\t<div class=\"elementor-widget-container\">\n\t\t\t\t\t\t\t<p>Shetlanninlammaskoirat ovat olleet osa el\u00e4m\u00e4\u00e4ni jo vuodesta 1998. Ensimm\u00e4inen shelttini,\u00a0<strong>Sabelin Emma<\/strong>, vei syd\u00e4meni ja johdatti minut paitsi rodun pariin, my\u00f6s agilityn maailmaan. Siit\u00e4 alkoi matka, joka on vuosien varrella syventynyt rakkaudeksi rotua ja sen hyvinvointia kohtaan. Olen kasvattanut shelttej\u00e4 pienimuotoisesti vuodesta 2009 l\u00e4htien \u2013 kotona, koirien ehdoilla ja suurella syd\u00e4mell\u00e4.<\/p><p>Minulle on t\u00e4rke\u00e4\u00e4, ett\u00e4 sheltti s\u00e4ilyy elinvoimaisena, terveen\u00e4 ja tasapainoisena rotuna my\u00f6s tulevaisuudessa. Kasvatusty\u00f6ss\u00e4ni painotan erityisesti terveytt\u00e4, rodunomaisuutta ja luonnetta \u2013 koiria, joiden kanssa on ilo el\u00e4\u00e4 ja harrastaa. Olen ollut mukana rodun eteen teht\u00e4v\u00e4ss\u00e4 ty\u00f6ss\u00e4 my\u00f6s yhdistystoiminnan kautta, muun muassa jalostustoimikunnassa.<\/p><p>Harrastan koirieni kanssa erityisesti\u00a0<strong>rallytokoa<\/strong>, joka on ollut meill\u00e4 pitk\u00e4\u00e4n p\u00e4\u00e4lajina. Edesmennyt <b>Mitra<\/b> (<em>Golden Rose Ring Of Fire<\/em>) kilpaili voittajaluokassa asti ja saavutti\u00a0<strong>RTK3<\/strong>-koulutustunnuksen. T\u00e4ll\u00e4 hetkell\u00e4 kilpailemme\u00a0<strong>Nolan<\/strong>\u00a0(<em>FI MVA Susadan Rhapsody In Blue<\/em>) kanssa voittajaluokassa ja\u00a0<strong>Keiran<\/strong>\u00a0(<em>Nenitan Doing April Fools<\/em>) kanssa alokasluokassa. Lis\u00e4ksi olemme treenanneet\u00a0<strong>agility\u00e4<\/strong>\u00a0useamman koiran kanssa \u2013 laji, joka vaatii aikaa ja sitoutumista, mutta tuo valtavasti iloa. Keiran kanssa olemme jo hyv\u00e4ll\u00e4 mallilla my\u00f6s sen osalta.<\/p><p>Vuosien varrella minulla on ollut my\u00f6s muita rakkaita koiria. Kotona minulla on ollut vain yksi muunrotuinen koira \u2013 australianpaimenkoira\u00a0<strong>Nelli<\/strong>\u00a0(<em>Namikiss Early Bird<\/em>), jonka kanssa tuli koettua monenlaista. Nelli oli minun ensimm\u00e4inen kisakoira agilityss\u00e4 ja me p\u00e4\u00e4stiin kolmisluokkaan saakka. Treenasimme ja kilpailimme my\u00f6s tokossa <strong>TK2-koulutustunnuksen<\/strong> verran. Lis\u00e4ksi minulla on ollut sijoitettuna pari australianpaimenkoiraa, joista ei kuitenkaan ollut jalostuskoiriksi. Nyky\u00e4\u00e4n harrastan ja kasvatan ainoastaan shetlanninlammaskoiria \u2013 rotua, joka on vienyt syd\u00e4meni pysyv\u00e4sti.<\/p>\t\t\t\t\t\t<\/div>\n\t\t\t\t<\/div>\n\t\t\t\t\t<\/div>\n\t\t<\/div>\n\t\t\t\t\t\t\t<\/div>\n\t\t<\/section>\n\t\t\t\t\t\t<\/div>\n\t\t\t\t\t<\/div>\n\t\t","protected":false},"excerpt":{"rendered":"<p>Esittely Shetlanninlammaskoirat ovat olleet osa el\u00e4m\u00e4\u00e4ni jo vuodesta 1998. Ensimm\u00e4inen shelttini,\u00a0Sabelin Emma, vei syd\u00e4meni ja johdatti minut paitsi rodun pariin, my\u00f6s agilityn maailmaan. Siit\u00e4 alkoi matka, joka on vuosien varrella syventynyt rakkaudeksi rotua ja sen hyvinvointia kohtaan. Olen kasvattanut shelttej\u00e4 pienimuotoisesti vuodesta 2009 l\u00e4htien \u2013 kotona, koirien ehdoilla ja suurella syd\u00e4mell\u00e4. Minulle on t\u00e4rke\u00e4\u00e4, ett\u00e4&#8230;<\/p>\n","protected":false},"author":1,"featured_media":0,"parent":0,"menu_order":0,"comment_status":"closed","ping_status":"closed","template":"","meta":{"_kad_post_transparent":"","_kad_post_title":"hide","_kad_post_layout":"fullwidth","_kad_post_sidebar_id":"","_kad_post_content_style":"unboxed","_kad_post_vertical_padding":"hide","_kad_post_feature":"hide","_kad_post_feature_position":"","_kad_post_header":false,"_kad_post_footer":false,"footnotes":""},"class_list":["post-68","page","type-page","status-publish","hentry"],"_links":{"self":[{"href":"https:\/\/nenitan.fi\/index.php\/wp-json\/wp\/v2\/pages\/68","targetHints":{"allow":["GET"]}}],"collection":[{"href":"https:\/\/nenitan.fi\/index.php\/wp-json\/wp\/v2\/pages"}],"about":[{"href":"https:\/\/nenitan.fi\/index.php\/wp-json\/wp\/v2\/types\/page"}],"author":[{"embeddable":true,"href":"https:\/\/nenitan.fi\/index.php\/wp-json\/wp\/v2\/users\/1"}],"replies":[{"embeddable":true,"href":"https:\/\/nenitan.fi\/index.php\/wp-json\/wp\/v2\/comments?post=68"}],"version-history":[{"count":9,"href":"https:\/\/nenitan.fi\/index.php\/wp-json\/wp\/v2\/pages\/68\/revisions"}],"predecessor-version":[{"id":213,"href":"https:\/\/nenitan.fi\/index.php\/wp-json\/wp\/v2\/pages\/68\/revisions\/213"}],"wp:attachment":[{"href":"https:\/\/nenitan.fi\/index.php\/wp-json\/wp\/v2\/media?parent=68"}],"curies":[{"name":"wp","href":"https:\/\/api.w.org\/{rel}","templated":true}]}}